{"id":11,"date":"2023-04-22T12:05:00","date_gmt":"2023-04-22T12:05:00","guid":{"rendered":"https:\/\/silke-radtke.de\/?page_id=11"},"modified":"2024-01-25T14:06:37","modified_gmt":"2024-01-25T14:06:37","slug":"impressum","status":"publish","type":"page","link":"https:\/\/silke-radtke.de\/?page_id=11","title":{"rendered":"Impressum"},"content":{"rendered":"[et_pb_section fb_built=&#8220;1&#8243; admin_label=&#8220;section&#8220; _builder_version=&#8220;4.16&#8243; global_colors_info=&#8220;{}&#8220;][et_pb_row admin_label=&#8220;row&#8220; _builder_version=&#8220;4.16&#8243; background_size=&#8220;initial&#8220; background_position=&#8220;top_left&#8220; background_repeat=&#8220;repeat&#8220; global_colors_info=&#8220;{}&#8220;][et_pb_column type=&#8220;4_4&#8243; _builder_version=&#8220;4.16&#8243; custom_padding=&#8220;|||&#8220; global_colors_info=&#8220;{}&#8220; custom_padding__hover=&#8220;|||&#8220;][et_pb_text admin_label=&#8220;Text&#8220; _builder_version=&#8220;4.24.0&#8243; background_size=&#8220;initial&#8220; background_position=&#8220;top_left&#8220; background_repeat=&#8220;repeat&#8220; hover_enabled=&#8220;0&#8243; global_colors_info=&#8220;{}&#8220; sticky_enabled=&#8220;0&#8243;]<p><strong>Verantwortlicher gem\u00e4\u00df \u00a7 6 MDStV:<\/strong><\/p>\n<p><\/p>\n<p>Silke Radtke, R\u00fcbenkamp 253, 22337 Hamburg, Telefon 040 84202734, E-mail: <a href=\"mailto:info@silke-radtke.de\">info@silke-radtke.de<\/a><br \/>Copyright \u00a9 2012 bis 2024: Alle unter www.silke-radtke.de ver\u00f6ffentlichten Materialien, wie Texte, Bilder, Icons, Software, Audio- und Videoclips, sowie deren Auswahl, Gestaltung und Zusammenstellung unterliegen dem Copyright von Silke Radtke. Alle Rechte vorbehalten.<br \/>Haftungsbeschr\u00e4nkung: Der Betreiber dieser Website hat keinerlei Einfluss auf Inhalt und Gestaltung von Webseiten au\u00dferhalb dieses Servers und distanziert sich daher ausdr\u00fccklich von allen Inhalten aller Seiten, zu denen von dieser Website ein Link besteht, und macht sich diese Inhalte nicht zu eigen.<\/p>\n<p><\/p>[\/et_pb_text][\/et_pb_column][\/et_pb_row][\/et_pb_section]","protected":false},"excerpt":{"rendered":"<p>Verantwortlicher gem\u00e4\u00df \u00a7 6 MDStV: Silke Radtke, R\u00fcbenkamp 253, 22337 Hamburg, Telefon 040 84202734, E-mail: info@silke-radtke.deCopyright \u00a9 2012 bis 2024: Alle unter www.silke-radtke.de ver\u00f6ffentlichten Materialien, wie Texte, Bilder, Icons, Software, Audio- und Videoclips, sowie deren Auswahl, Gestaltung und Zusammenstellung unterliegen dem Copyright von Silke Radtke. Alle Rechte vorbehalten.Haftungsbeschr\u00e4nkung: Der Betreiber dieser Website hat keinerlei Einfluss [&hellip;]<\/p>\n","protected":false},"author":1,"featured_media":0,"parent":0,"menu_order":0,"comment_status":"closed","ping_status":"closed","template":"","meta":{"_acf_changed":false,"_et_pb_use_builder":"on","_et_pb_old_content":"<!-- wp:paragraph -->\n<p><strong>Verantwortlicher gem\u00e4\u00df \u00a7 6 MDStV:<\/strong><\/p>\n<!-- \/wp:paragraph -->\n\n<!-- wp:paragraph -->\n<p>Silke Radtke, R\u00fcbenkamp 253, 22337 Hamburg, Telefon 040 36191095, E-mail:info@silke-radtke.de<br>Copyright \u00a9 2012: Alle unter www.silke-radtke.de.de ver\u00f6ffentlichten Materialien, wie Texte, Bilder, Icons, Software, Audio- und Videoclips, sowie deren Auswahl, Gestaltung und Zusammenstellung unterliegen dem Copyright von Silke Radtke. Alle Rechte vorbehalten.<br>Haftungsbeschr\u00e4nkung: Der Betreiber dieser Website hat keinerlei Einfluss auf Inhalt und Gestaltung von Webseiten au\u00dferhalb dieses Servers und distanziert sich daher ausdr\u00fccklich von allen Inhalten aller Seiten, zu denen von dieser Website ein Link besteht, und macht sich diese Inhalte nicht zu eigen.<\/p>\n<!-- \/wp:paragraph -->","_et_gb_content_width":"","footnotes":""},"class_list":["post-11","page","type-page","status-publish","hentry"],"acf":[],"_links":{"self":[{"href":"https:\/\/silke-radtke.de\/index.php?rest_route=\/wp\/v2\/pages\/11","targetHints":{"allow":["GET"]}}],"collection":[{"href":"https:\/\/silke-radtke.de\/index.php?rest_route=\/wp\/v2\/pages"}],"about":[{"href":"https:\/\/silke-radtke.de\/index.php?rest_route=\/wp\/v2\/types\/page"}],"author":[{"embeddable":true,"href":"https:\/\/silke-radtke.de\/index.php?rest_route=\/wp\/v2\/users\/1"}],"replies":[{"embeddable":true,"href":"https:\/\/silke-radtke.de\/index.php?rest_route=%2Fwp%2Fv2%2Fcomments&post=11"}],"version-history":[{"count":4,"href":"https:\/\/silke-radtke.de\/index.php?rest_route=\/wp\/v2\/pages\/11\/revisions"}],"predecessor-version":[{"id":399,"href":"https:\/\/silke-radtke.de\/index.php?rest_route=\/wp\/v2\/pages\/11\/revisions\/399"}],"wp:attachment":[{"href":"https:\/\/silke-radtke.de\/index.php?rest_route=%2Fwp%2Fv2%2Fmedia&parent=11"}],"curies":[{"name":"wp","href":"https:\/\/api.w.org\/{rel}","templated":true}]}}